{"id":2063,"date":"2022-05-05T15:04:11","date_gmt":"2022-05-05T18:04:11","guid":{"rendered":"http:\/\/c2360366.ferozo.com\/new\/?page_id=2063"},"modified":"2026-02-20T10:10:33","modified_gmt":"2026-02-20T13:10:33","slug":"acto-de-colacion-para-egresados","status":"publish","type":"page","link":"https:\/\/www.institutosaber.edu.ar\/bachillerato\/acto-de-colacion-para-egresados\/","title":{"rendered":"ACTO DE COLACI\u00d3N para Egresados"},"content":{"rendered":"<div class=\"gb-container gb-container-cdb0e833 alignfull\"><div class=\"gb-inside-container\"><\/div><\/div>\n\n<div class=\"gb-container gb-container-d5378d3b\"><div class=\"gb-inside-container\">\n<div class=\"gb-container gb-container-472e9bd5\" id=\"welcome\"><div class=\"gb-inside-container\">\n<div class=\"gb-grid-wrapper gb-grid-wrapper-a27b11f8\">\n<div class=\"gb-grid-column gb-grid-column-8aba818c\"><div class=\"gb-container gb-container-8aba818c\"><div class=\"gb-inside-container\">\n\n<h1 class=\"gb-headline gb-headline-a151aa39 gb-headline-text\">ACTO DE COLACI\u00d3N PARA EGRESADOS<\/h1>\n\n\n\n<p class=\"gb-headline gb-headline-e2b7ef04 gb-headline-text\">Instituto SABER organiza anualmente el Acto de Colaci\u00f3n para sus egresados. <br>En este espacio, los alumnos reciben su diploma y comparten un emotiva jornada de reconocimientos y afectos por parte de nuestra comunidad y sus familiares.<\/p>\n\n\n\n<div style=\"height:15px\" aria-hidden=\"true\" class=\"wp-block-spacer\"><\/div>\n\n\n\n<h2 class=\"wp-block-heading\">Reconocimientos especiales y distinciones que se entregan en el acto<\/h2>\n\n\n<div class=\"gb-grid-wrapper gb-grid-wrapper-e803cea0\">\n<div class=\"gb-grid-column gb-grid-column-47dc8f43\"><div class=\"gb-container gb-container-47dc8f43\"><div class=\"gb-inside-container\">\n<div class=\"wp-block-image is-style-default\">\n<figure class=\"aligncenter size-full is-resized\"><img decoding=\"async\" width=\"226\" height=\"232\" src=\"https:\/\/www.institutosaber.edu.ar\/bachillerato\/wp-content\/uploads\/2022\/11\/Icono_-medalla.webp\" alt=\"Medallas a los mejores promedios\" class=\"wp-image-3833\" style=\"width:120px;height:120px\"\/><\/figure>\n<\/div>\n\n\n<h3 class=\"gb-headline gb-headline-236282ec gb-headline-text\">Medallas a los mejores promedios<\/h3>\n\n\n\n<p class=\"has-text-align-center\">Entregadas por la Instituci\u00f3n.<\/p>\n\n<\/div><\/div><\/div>\n\n<div class=\"gb-grid-column gb-grid-column-6826778e\"><div class=\"gb-container gb-container-6826778e\"><div class=\"gb-inside-container\">\n<div class=\"wp-block-image is-style-default\">\n<figure class=\"aligncenter size-full is-resized\"><img decoding=\"async\" width=\"226\" height=\"232\" src=\"https:\/\/www.institutosaber.edu.ar\/bachillerato\/wp-content\/uploads\/2022\/11\/Icono_distincion.webp\" alt=\"Distinci\u00f3n al mejor promedio\" class=\"wp-image-3834\" style=\"width:120px;height:120px\"\/><\/figure>\n<\/div>\n\n\n<h3 class=\"gb-headline gb-headline-74de41bf gb-headline-text\">Distinci\u00f3n al mejor promedio<\/h3>\n\n\n\n<p class=\"has-text-align-center\">Entregado por la C\u00e1mara Cordobesa de Instituciones Educativas Privadas.<\/p>\n\n<\/div><\/div><\/div>\n\n<div class=\"gb-grid-column gb-grid-column-15e68222\"><div class=\"gb-container gb-container-15e68222\"><div class=\"gb-inside-container\">\n<div class=\"wp-block-image is-style-default\">\n<figure class=\"aligncenter size-full is-resized\"><img decoding=\"async\" width=\"226\" height=\"232\" src=\"https:\/\/www.institutosaber.edu.ar\/bachillerato\/wp-content\/uploads\/2022\/11\/icono_-becas-mejor-promedio.webp\" alt=\"Becas a los mejores promedios\" class=\"wp-image-3835\" style=\"width:120px;height:120px\"\/><\/figure>\n<\/div>\n\n\n<h3 class=\"gb-headline gb-headline-43bec474 gb-headline-text\">Becas a los mejores promedios<\/h3>\n\n\n\n<p class=\"has-text-align-center\">Entregada en el marco de la articulaci\u00f3n con la Universidad de Congreso.<\/p>\n\n<\/div><\/div><\/div>\n\n<div class=\"gb-grid-column gb-grid-column-7dde0fe8\"><div class=\"gb-container gb-container-7dde0fe8\"><div class=\"gb-inside-container\">\n<div class=\"wp-block-image is-style-default\">\n<figure class=\"aligncenter size-full is-resized\"><img decoding=\"async\" width=\"226\" height=\"232\" src=\"https:\/\/www.institutosaber.edu.ar\/bachillerato\/wp-content\/uploads\/2022\/11\/Icono_merito-y-compromiso.webp\" alt=\"Distinci\u00f3n al m\u00e9rito\" class=\"wp-image-3836\" style=\"width:120px;height:120px\"\/><\/figure>\n<\/div>\n\n\n<h3 class=\"gb-headline gb-headline-02a0e17e gb-headline-text\">Distinci\u00f3n al m\u00e9rito y compromiso institucional<\/h3>\n\n\n\n<p class=\"has-text-align-center\">Una menci\u00f3n institucional al esfuerzo y la responsabilidad de los estudiantes.<\/p>\n\n<\/div><\/div><\/div>\n<\/div>\n<\/div><\/div><\/div>\n<\/div>\n<\/div><\/div>\n<\/div><\/div>\n\n<div class=\"gb-container gb-container-9aaa9979\"><div class=\"gb-inside-container\">\n<div class=\"gb-grid-wrapper gb-grid-wrapper-dcaa8fdd\">\n<div class=\"gb-grid-column gb-grid-column-8561ad22\"><div class=\"gb-container gb-container-8561ad22\"><div class=\"gb-inside-container\">\n\n<h2 class=\"gb-headline gb-headline-b3df47ce gb-headline-text\">\u00bfQuer\u00e9s conocer c\u00f3mo se vive un Acto de Colaci\u00f3n en SABER?<\/h2>\n\n\n\n<p class=\"gb-headline gb-headline-0f90f19e gb-headline-text\">Cada acto de colaci\u00f3n es un espacio \u00fanico de vivencias y emociones.<\/p>\n\n\n\n<p class=\"has-text-align-center\">\u00a1Conoc\u00e9 algunas de nuestras ediciones anteriores!<\/p>\n\n\n<div class=\"gb-button-wrapper gb-button-wrapper-67f3fd29\">\n\n<a class=\"gb-button gb-button-802e681a gb-button-text\" href=\"https:\/\/www.facebook.com\/share\/1GHw6nAiBM\/\" target=\"_blank\" rel=\"noopener noreferrer\">ACTO DE COLACI\u00d3N<\/a>\n\n<\/div>\n<\/div><\/div><\/div>\n<\/div>\n<\/div><\/div>\n\n<div class=\"gb-container gb-container-bc707cbe\"><div class=\"gb-inside-container\">\n\n<div class=\"wp-block-group alignfull has-base-2-background-color has-text-color has-background\" style=\"color:#000000\"><div class=\"wp-block-group__inner-container is-layout-flow wp-block-group-is-layout-flow\">\n<p class=\"has-text-align-center has-small-font-size\" style=\"line-height:.9\"><strong>Es momento de poner tu futuro en marcha<\/strong><\/p>\n\n\n\n<h2 class=\"wp-block-heading has-text-align-center\" id=\"schedule-a-visit\" style=\"font-size:59px;line-height:1.15\"><strong>Termin\u00e1 tu secundario en SABER.<\/strong><\/h2>\n\n\n<div class=\"gb-container gb-container-9c5bad3f\">\n<div class=\"gb-container gb-container-090ff713\">\n<div class=\"gb-grid-wrapper gb-grid-wrapper-6465241b\">\n<div class=\"gb-grid-column gb-grid-column-9c81df1e\"><div class=\"gb-container gb-container-9c81df1e\">\n\n<a class=\"gb-button gb-button-39e42af8\" href=\"https:\/\/www.institutosaber.edu.ar\/bachillerato\/contacto-bachiller-online\/\"><span class=\"gb-icon\"><svg xmlns=\"http:\/\/www.w3.org\/2000\/svg\" viewBox=\"0 0 512 512\" width=\"1em\" height=\"1em\" aria-hidden=\"true\"><path d=\"M464 64H48C21.49 64 0 85.49 0 112v288c0 26.51 21.49 48 48 48h416c26.51 0 48-21.49 48-48V112c0-26.51-21.49-48-48-48zm0 48v40.805c-22.422 18.259-58.168 46.651-134.587 106.49-16.841 13.247-50.201 45.072-73.413 44.701-23.208.375-56.579-31.459-73.413-44.701C106.18 199.465 70.425 171.067 48 152.805V112h416zM48 400V214.398c22.914 18.251 55.409 43.862 104.938 82.646 21.857 17.205 60.134 55.186 103.062 54.955 42.717.231 80.509-37.199 103.053-54.947 49.528-38.783 82.032-64.401 104.947-82.653V400H48z\" fill=\"currentColor\"><\/path><\/svg><\/span><span class=\"gb-button-text\"> contacto<\/span><\/a>\n\n<\/div><\/div>\n\n<div class=\"gb-grid-column gb-grid-column-3cfcb9cf\"><div class=\"gb-container gb-container-3cfcb9cf\">\n\n<a class=\"gb-button gb-button-67882daa\" href=\"https:\/\/wa.link\/86wtwp\" target=\"_blank\" rel=\"noopener noreferrer\"><span class=\"gb-icon\"><svg aria-hidden=\"true\" role=\"img\" height=\"1em\" width=\"1em\" viewBox=\"0 0 448 512\" xmlns=\"http:\/\/www.w3.org\/2000\/svg\"><path fill=\"currentColor\" d=\"M380.9 97.1C339 55.1 283.2 32 223.9 32c-122.4 0-222 99.6-222 222 0 39.1 10.2 77.3 29.6 111L0 480l117.7-30.9c32.4 17.7 68.9 27 106.1 27h.1c122.3 0 224.1-99.6 224.1-222 0-59.3-25.2-115-67.1-157zm-157 341.6c-33.2 0-65.7-8.9-94-25.7l-6.7-4-69.8 18.3L72 359.2l-4.4-7c-18.5-29.4-28.2-63.3-28.2-98.2 0-101.7 82.8-184.5 184.6-184.5 49.3 0 95.6 19.2 130.4 54.1 34.8 34.9 56.2 81.2 56.1 130.5 0 101.8-84.9 184.6-186.6 184.6zm101.2-138.2c-5.5-2.8-32.8-16.2-37.9-18-5.1-1.9-8.8-2.8-12.5 2.8-3.7 5.6-14.3 18-17.6 21.8-3.2 3.7-6.5 4.2-12 1.4-32.6-16.3-54-29.1-75.5-66-5.7-9.8 5.7-9.1 16.3-30.3 1.8-3.7.9-6.9-.5-9.7-1.4-2.8-12.5-30.1-17.1-41.2-4.5-10.8-9.1-9.3-12.5-9.5-3.2-.2-6.9-.2-10.6-.2-3.7 0-9.7 1.4-14.8 6.9-5.1 5.6-19.4 19-19.4 46.3 0 27.3 19.9 53.7 22.6 57.4 2.8 3.7 39.1 59.7 94.8 83.8 35.2 15.2 49 16.5 66.6 13.9 10.7-1.6 32.8-13.4 37.4-26.4 4.6-13 4.6-24.1 3.2-26.4-1.3-2.5-5-3.9-10.5-6.6z\"><\/path><\/svg><\/span><span class=\"gb-button-text\">Whatsapp<\/span><\/a>\n\n<\/div><\/div>\n<\/div>\n<\/div>\n<\/div><\/div><\/div>\n\n<\/div><\/div>\n\n\n<p><\/p>\n","protected":false},"excerpt":{"rendered":"","protected":false},"author":2,"featured_media":0,"parent":0,"menu_order":0,"comment_status":"closed","ping_status":"closed","template":"","meta":{"inline_featured_image":false,"footnotes":""},"class_list":["post-2063","page","type-page","status-publish"],"yoast_head":"<!-- This site is optimized with the Yoast SEO plugin v27.4 - https:\/\/yoast.com\/product\/yoast-seo-wordpress\/ -->\n<title>ACTO DE COLACI\u00d3N para Egresados - Bachillerato SABER<\/title>\n<meta name=\"description\" content=\"Para que nuestros alumnos disfruten de un momento especial, en Instituto SABER organizamos todos los a\u00f1os un Acto de Colaci\u00f3n para Egresados.\" \/>\n<meta name=\"robots\" content=\"index, follow, max-snippet:-1, max-image-preview:large, max-video-preview:-1\" \/>\n<link rel=\"canonical\" href=\"https:\/\/www.institutosaber.edu.ar\/bachillerato\/acto-de-colacion-para-egresados\/\" \/>\n<meta property=\"og:locale\" content=\"es_ES\" \/>\n<meta property=\"og:type\" content=\"article\" \/>\n<meta property=\"og:title\" content=\"ACTO DE COLACI\u00d3N para Egresados - Bachillerato SABER\" \/>\n<meta property=\"og:description\" content=\"Para que nuestros alumnos disfruten de un momento especial, en Instituto SABER organizamos todos los a\u00f1os un Acto de Colaci\u00f3n para Egresados.\" \/>\n<meta property=\"og:url\" content=\"https:\/\/www.institutosaber.edu.ar\/bachillerato\/acto-de-colacion-para-egresados\/\" \/>\n<meta property=\"og:site_name\" content=\"Bachiller Instituto SABER\" \/>\n<meta property=\"article:publisher\" content=\"https:\/\/www.facebook.com\/institutosaber.ar\" \/>\n<meta property=\"article:modified_time\" content=\"2026-02-20T13:10:33+00:00\" \/>\n<meta property=\"og:image\" content=\"https:\/\/www.institutosaber.edu.ar\/bachillerato\/wp-content\/uploads\/2022\/11\/Icono_-medalla.webp\" \/>\n\t<meta property=\"og:image:width\" content=\"226\" \/>\n\t<meta property=\"og:image:height\" content=\"232\" \/>\n\t<meta property=\"og:image:type\" content=\"image\/webp\" \/>\n<meta name=\"twitter:card\" content=\"summary_large_image\" \/>\n<meta name=\"twitter:site\" content=\"@Comunidadsaber\" \/>\n<meta name=\"twitter:label1\" content=\"Tiempo de lectura\" \/>\n\t<meta name=\"twitter:data1\" content=\"3 minutos\" \/>\n<script type=\"application\/ld+json\" class=\"yoast-schema-graph\">{\"@context\":\"https:\\\/\\\/schema.org\",\"@graph\":[{\"@type\":\"WebPage\",\"@id\":\"https:\\\/\\\/www.institutosaber.edu.ar\\\/bachillerato\\\/acto-de-colacion-para-egresados\\\/\",\"url\":\"https:\\\/\\\/www.institutosaber.edu.ar\\\/bachillerato\\\/acto-de-colacion-para-egresados\\\/\",\"name\":\"ACTO DE COLACI\u00d3N para Egresados - Bachillerato SABER\",\"isPartOf\":{\"@id\":\"https:\\\/\\\/www.institutosaber.edu.ar\\\/bachillerato\\\/#website\"},\"primaryImageOfPage\":{\"@id\":\"https:\\\/\\\/www.institutosaber.edu.ar\\\/bachillerato\\\/acto-de-colacion-para-egresados\\\/#primaryimage\"},\"image\":{\"@id\":\"https:\\\/\\\/www.institutosaber.edu.ar\\\/bachillerato\\\/acto-de-colacion-para-egresados\\\/#primaryimage\"},\"thumbnailUrl\":\"https:\\\/\\\/www.institutosaber.edu.ar\\\/bachillerato\\\/wp-content\\\/uploads\\\/2022\\\/11\\\/Icono_-medalla.webp\",\"datePublished\":\"2022-05-05T18:04:11+00:00\",\"dateModified\":\"2026-02-20T13:10:33+00:00\",\"description\":\"Para que nuestros alumnos disfruten de un momento especial, en Instituto SABER organizamos todos los a\u00f1os un Acto de Colaci\u00f3n para Egresados.\",\"breadcrumb\":{\"@id\":\"https:\\\/\\\/www.institutosaber.edu.ar\\\/bachillerato\\\/acto-de-colacion-para-egresados\\\/#breadcrumb\"},\"inLanguage\":\"es\",\"potentialAction\":[{\"@type\":\"ReadAction\",\"target\":[\"https:\\\/\\\/www.institutosaber.edu.ar\\\/bachillerato\\\/acto-de-colacion-para-egresados\\\/\"]}]},{\"@type\":\"ImageObject\",\"inLanguage\":\"es\",\"@id\":\"https:\\\/\\\/www.institutosaber.edu.ar\\\/bachillerato\\\/acto-de-colacion-para-egresados\\\/#primaryimage\",\"url\":\"https:\\\/\\\/www.institutosaber.edu.ar\\\/bachillerato\\\/wp-content\\\/uploads\\\/2022\\\/11\\\/Icono_-medalla.webp\",\"contentUrl\":\"https:\\\/\\\/www.institutosaber.edu.ar\\\/bachillerato\\\/wp-content\\\/uploads\\\/2022\\\/11\\\/Icono_-medalla.webp\",\"width\":226,\"height\":232,\"caption\":\"medalla de honor\"},{\"@type\":\"BreadcrumbList\",\"@id\":\"https:\\\/\\\/www.institutosaber.edu.ar\\\/bachillerato\\\/acto-de-colacion-para-egresados\\\/#breadcrumb\",\"itemListElement\":[{\"@type\":\"ListItem\",\"position\":1,\"name\":\"Portada\",\"item\":\"https:\\\/\\\/www.institutosaber.edu.ar\\\/bachillerato\\\/\"},{\"@type\":\"ListItem\",\"position\":2,\"name\":\"ACTO DE COLACI\u00d3N para Egresados\"}]},{\"@type\":\"WebSite\",\"@id\":\"https:\\\/\\\/www.institutosaber.edu.ar\\\/bachillerato\\\/#website\",\"url\":\"https:\\\/\\\/www.institutosaber.edu.ar\\\/bachillerato\\\/\",\"name\":\"Bachiller Instituto SABER\",\"description\":\"Instituto Saber - Termina el secundario online\",\"publisher\":{\"@id\":\"https:\\\/\\\/www.institutosaber.edu.ar\\\/bachillerato\\\/#organization\"},\"potentialAction\":[{\"@type\":\"SearchAction\",\"target\":{\"@type\":\"EntryPoint\",\"urlTemplate\":\"https:\\\/\\\/www.institutosaber.edu.ar\\\/bachillerato\\\/?s={search_term_string}\"},\"query-input\":{\"@type\":\"PropertyValueSpecification\",\"valueRequired\":true,\"valueName\":\"search_term_string\"}}],\"inLanguage\":\"es\"},{\"@type\":\"Organization\",\"@id\":\"https:\\\/\\\/www.institutosaber.edu.ar\\\/bachillerato\\\/#organization\",\"name\":\"Bachiller Instituto SABER\",\"url\":\"https:\\\/\\\/www.institutosaber.edu.ar\\\/bachillerato\\\/\",\"logo\":{\"@type\":\"ImageObject\",\"inLanguage\":\"es\",\"@id\":\"https:\\\/\\\/www.institutosaber.edu.ar\\\/bachillerato\\\/#\\\/schema\\\/logo\\\/image\\\/\",\"url\":\"https:\\\/\\\/www.institutosaber.edu.ar\\\/bachillerato\\\/wp-content\\\/uploads\\\/2022\\\/10\\\/LogoSABERBachiller-Gris.webp\",\"contentUrl\":\"https:\\\/\\\/www.institutosaber.edu.ar\\\/bachillerato\\\/wp-content\\\/uploads\\\/2022\\\/10\\\/LogoSABERBachiller-Gris.webp\",\"width\":302,\"height\":107,\"caption\":\"Bachiller Instituto SABER\"},\"image\":{\"@id\":\"https:\\\/\\\/www.institutosaber.edu.ar\\\/bachillerato\\\/#\\\/schema\\\/logo\\\/image\\\/\"},\"sameAs\":[\"https:\\\/\\\/www.facebook.com\\\/institutosaber.ar\",\"https:\\\/\\\/x.com\\\/Comunidadsaber\",\"https:\\\/\\\/www.instagram.com\\\/institutosaber.ar\\\/\",\"https:\\\/\\\/www.youtube.com\\\/channel\\\/UCu7whMsW7UtjUuU4KTo5GAQ\",\"https:\\\/\\\/www.linkedin.com\\\/school\\\/institutosaber\\\/\"]}]}<\/script>\n<!-- \/ Yoast SEO plugin. -->","yoast_head_json":{"title":"ACTO DE COLACI\u00d3N para Egresados - Bachillerato SABER","description":"Para que nuestros alumnos disfruten de un momento especial, en Instituto SABER organizamos todos los a\u00f1os un Acto de Colaci\u00f3n para Egresados.","robots":{"index":"index","follow":"follow","max-snippet":"max-snippet:-1","max-image-preview":"max-image-preview:large","max-video-preview":"max-video-preview:-1"},"canonical":"https:\/\/www.institutosaber.edu.ar\/bachillerato\/acto-de-colacion-para-egresados\/","og_locale":"es_ES","og_type":"article","og_title":"ACTO DE COLACI\u00d3N para Egresados - Bachillerato SABER","og_description":"Para que nuestros alumnos disfruten de un momento especial, en Instituto SABER organizamos todos los a\u00f1os un Acto de Colaci\u00f3n para Egresados.","og_url":"https:\/\/www.institutosaber.edu.ar\/bachillerato\/acto-de-colacion-para-egresados\/","og_site_name":"Bachiller Instituto SABER","article_publisher":"https:\/\/www.facebook.com\/institutosaber.ar","article_modified_time":"2026-02-20T13:10:33+00:00","og_image":[{"width":226,"height":232,"url":"https:\/\/www.institutosaber.edu.ar\/bachillerato\/wp-content\/uploads\/2022\/11\/Icono_-medalla.webp","type":"image\/webp"}],"twitter_card":"summary_large_image","twitter_site":"@Comunidadsaber","twitter_misc":{"Tiempo de lectura":"3 minutos"},"schema":{"@context":"https:\/\/schema.org","@graph":[{"@type":"WebPage","@id":"https:\/\/www.institutosaber.edu.ar\/bachillerato\/acto-de-colacion-para-egresados\/","url":"https:\/\/www.institutosaber.edu.ar\/bachillerato\/acto-de-colacion-para-egresados\/","name":"ACTO DE COLACI\u00d3N para Egresados - Bachillerato SABER","isPartOf":{"@id":"https:\/\/www.institutosaber.edu.ar\/bachillerato\/#website"},"primaryImageOfPage":{"@id":"https:\/\/www.institutosaber.edu.ar\/bachillerato\/acto-de-colacion-para-egresados\/#primaryimage"},"image":{"@id":"https:\/\/www.institutosaber.edu.ar\/bachillerato\/acto-de-colacion-para-egresados\/#primaryimage"},"thumbnailUrl":"https:\/\/www.institutosaber.edu.ar\/bachillerato\/wp-content\/uploads\/2022\/11\/Icono_-medalla.webp","datePublished":"2022-05-05T18:04:11+00:00","dateModified":"2026-02-20T13:10:33+00:00","description":"Para que nuestros alumnos disfruten de un momento especial, en Instituto SABER organizamos todos los a\u00f1os un Acto de Colaci\u00f3n para Egresados.","breadcrumb":{"@id":"https:\/\/www.institutosaber.edu.ar\/bachillerato\/acto-de-colacion-para-egresados\/#breadcrumb"},"inLanguage":"es","potentialAction":[{"@type":"ReadAction","target":["https:\/\/www.institutosaber.edu.ar\/bachillerato\/acto-de-colacion-para-egresados\/"]}]},{"@type":"ImageObject","inLanguage":"es","@id":"https:\/\/www.institutosaber.edu.ar\/bachillerato\/acto-de-colacion-para-egresados\/#primaryimage","url":"https:\/\/www.institutosaber.edu.ar\/bachillerato\/wp-content\/uploads\/2022\/11\/Icono_-medalla.webp","contentUrl":"https:\/\/www.institutosaber.edu.ar\/bachillerato\/wp-content\/uploads\/2022\/11\/Icono_-medalla.webp","width":226,"height":232,"caption":"medalla de honor"},{"@type":"BreadcrumbList","@id":"https:\/\/www.institutosaber.edu.ar\/bachillerato\/acto-de-colacion-para-egresados\/#breadcrumb","itemListElement":[{"@type":"ListItem","position":1,"name":"Portada","item":"https:\/\/www.institutosaber.edu.ar\/bachillerato\/"},{"@type":"ListItem","position":2,"name":"ACTO DE COLACI\u00d3N para Egresados"}]},{"@type":"WebSite","@id":"https:\/\/www.institutosaber.edu.ar\/bachillerato\/#website","url":"https:\/\/www.institutosaber.edu.ar\/bachillerato\/","name":"Bachiller Instituto SABER","description":"Instituto Saber - Termina el secundario online","publisher":{"@id":"https:\/\/www.institutosaber.edu.ar\/bachillerato\/#organization"},"potentialAction":[{"@type":"SearchAction","target":{"@type":"EntryPoint","urlTemplate":"https:\/\/www.institutosaber.edu.ar\/bachillerato\/?s={search_term_string}"},"query-input":{"@type":"PropertyValueSpecification","valueRequired":true,"valueName":"search_term_string"}}],"inLanguage":"es"},{"@type":"Organization","@id":"https:\/\/www.institutosaber.edu.ar\/bachillerato\/#organization","name":"Bachiller Instituto SABER","url":"https:\/\/www.institutosaber.edu.ar\/bachillerato\/","logo":{"@type":"ImageObject","inLanguage":"es","@id":"https:\/\/www.institutosaber.edu.ar\/bachillerato\/#\/schema\/logo\/image\/","url":"https:\/\/www.institutosaber.edu.ar\/bachillerato\/wp-content\/uploads\/2022\/10\/LogoSABERBachiller-Gris.webp","contentUrl":"https:\/\/www.institutosaber.edu.ar\/bachillerato\/wp-content\/uploads\/2022\/10\/LogoSABERBachiller-Gris.webp","width":302,"height":107,"caption":"Bachiller Instituto SABER"},"image":{"@id":"https:\/\/www.institutosaber.edu.ar\/bachillerato\/#\/schema\/logo\/image\/"},"sameAs":["https:\/\/www.facebook.com\/institutosaber.ar","https:\/\/x.com\/Comunidadsaber","https:\/\/www.instagram.com\/institutosaber.ar\/","https:\/\/www.youtube.com\/channel\/UCu7whMsW7UtjUuU4KTo5GAQ","https:\/\/www.linkedin.com\/school\/institutosaber\/"]}]}},"_links":{"self":[{"href":"https:\/\/www.institutosaber.edu.ar\/bachillerato\/wp-json\/wp\/v2\/pages\/2063","targetHints":{"allow":["GET"]}}],"collection":[{"href":"https:\/\/www.institutosaber.edu.ar\/bachillerato\/wp-json\/wp\/v2\/pages"}],"about":[{"href":"https:\/\/www.institutosaber.edu.ar\/bachillerato\/wp-json\/wp\/v2\/types\/page"}],"author":[{"embeddable":true,"href":"https:\/\/www.institutosaber.edu.ar\/bachillerato\/wp-json\/wp\/v2\/users\/2"}],"replies":[{"embeddable":true,"href":"https:\/\/www.institutosaber.edu.ar\/bachillerato\/wp-json\/wp\/v2\/comments?post=2063"}],"version-history":[{"count":22,"href":"https:\/\/www.institutosaber.edu.ar\/bachillerato\/wp-json\/wp\/v2\/pages\/2063\/revisions"}],"predecessor-version":[{"id":4165,"href":"https:\/\/www.institutosaber.edu.ar\/bachillerato\/wp-json\/wp\/v2\/pages\/2063\/revisions\/4165"}],"wp:attachment":[{"href":"https:\/\/www.institutosaber.edu.ar\/bachillerato\/wp-json\/wp\/v2\/media?parent=2063"}],"curies":[{"name":"wp","href":"https:\/\/api.w.org\/{rel}","templated":true}]}}